 3*n + 11. Let j(l) = -5*q(l) - 4*w(l). Give j(-2).
2
Let n(d) be the first derivative of d**5/20 - 3*d**4/4 + 7*d**3/6 + d**2 - 203*d + 179. Let i(p) be the first derivative of n(p). Give i(8).
-6
Let k = 3683 - 3666. Let j(g) = g**2 - 15*g + 10. Calculate j(k).
44
Let p(q) = -54*q**2 - 74*q**2 + 28 - 59*q**2 + 241*q**2 - 53*q**2 + 13*q. Calculate p(-12).
16
Suppose -3*j - 6 = -j. Let d(l) = -63*l + 6656 - l**3 - 6653 + 123*l - 58*l. What is d(j)?
24
Let s = -2 + 2. Let z be ((-1)/3)/((-21)/(24 - -795)). Let n(i) = -3*i + z + i**3 - i + 6*i**2 - 6 + s*i**2. Calculate n(-7).
-14
Let y(r) = 0*r**3 + r**3 + 0*r**3 + 5 + 0 + 2*r**2. Let z be y(-3). Let j(m) be the first derivative of -m**3/3 - 3*m**2 - m + 93. Calculate j(z).
7
Let d(c) = -9*c**3 + 9*c**2 + 5*c + 7. Let p(m) = -29*m**3 + 28*m**2 + 16*m + 25. Let b(g) = -13*d(g) + 4*p(g). Determine b(6).
39
Let m(j) = -2*j + 9. Suppose -l - 4*p - 165 = 2*l, 0 = 4*l - 4*p + 220. Let r = 64 + l. Calculate m(r).
-9
Let u = -12780 + 12782. Let h(l) = l**3 - 2*l**2 + 5*l - 8. Calculate h(u).
2
Let g(k) = -k**3 + 3*k**2 - k - 2. Suppose 28271*l = 28255*l. Calculate g(l).
-2
Suppose -14*i = -10*i + q - 35, 0 = -2*i + q + 13. Let b(k) = k**3 + k + 1. Let n(f) = -3*f**3 + 9*f**2 - 8*f - 13. Let v(g) = 2*b(g) + n(g). Give v(i).
5
Let k(l) be the first derivative of l**3/3 + l**2 - 4*l - 24771. Let q = -3 + -2. Calculate k(q).
11
Let j(g) = -g**2 - 11*g - 36. Let w(q) = -680*q - 4088. Let r be w(-6). Calculate j(r).
-12
Let i(v) = -1917*v + 7667. Let p be i(4). Let u(f) = -8*f**2 + 8*f + 1. Determine u(p).
-15
Suppose 0 = -5*t - g + 8, 2*g + 0 = -4*t + 4. Suppose -4 = t*v + 6. Let a(r) = -r + 6*r**2 + r**3 - r**2 - 7 + 0*r**2. Determine a(v).
-2
Let r = -712 + 689. Let x(y) = y**3 + 25*y**2 + 50*y - 2. What is x(r)?
-94
Let a(n) = -n**3 - 12*n**2 + 30*n - 14. Let i be a(-14). Let j = 36 + i. Let b(k) = -3*k + 2. What is b(j)?
20
Let t(a) be the first derivative of -5*a**3/6 - a**2 + a + 1. Let m(k) be the first derivative of t(k). Let z(o) = -80*o - 2. Let v be z(0). Give m(v).
8
Let w(x) = x**3 + 8*x**2 + 9*x + 6. Suppose 3*q = 5*d + 882, 8*d = -4*q + 5*d + 1176. Let j = -301 + q. Give w(j).
-8
Suppose 5*g - 5*y = -45, -5*g - 23 = 3*y - 18. Let l(v) = -14*v - 31. Determine l(g).
25
Let a(m) = m**2 - 18*m + 83. Let t be a(8). Suppose u + 3 = 0, t*u + 51 + 18 = -5*h. Let x(o) = o**3 + 11*o**2 - 13*o - 4. Calculate x(h).
8
Let f(n) be the second derivative of -1 - 6*n**2 - 25*n - 4/3*n**3 + 1/12*n**4. Calculate f(9).
-3
Let a be (-14)/(-28) - 5/2. Let g be 1/(a/(-4)) + 0 + -8. Let u(j) = -j**2 - 6*j + 8. Give u(g).
8
Let c(m) be the first derivative of 0*m - 49 - 1/2*m**2 - 2*m**3. What is c(-2)?
-22
Suppose -18*h = -55*h + 18130. Let s be h/119 - ((-396)/102 - -4). Let q(n) = n**3 - n**2 - 3*n + 4. Calculate q(s).
40
Let s(t) = -t**3 + 4*t**2 + 7*t - 1. Let r be s(5). Let d = r - 4. Let z(q) = -d*q + 6*q + 8 - 7. Calculate z(-3).
-2
Let j(t) be the third derivative of -t**5/60 + t**4/12 - t**3/3 - 7*t**2 + 156. Let y be (-27)/(-18)*(-10)/3. Determine j(y).
-37
Let k(s) = s**2 - s + 4. Let x(n) = -8*n**2 - 5*n + 3. Let w be x(4). Let b = -4721 + 4870. Let i = b + w. Calculate k(i).
16
Let z be 1/(1221/88 + -8 + -6). Let i(x) = 3*x**3 + 25*x**2 + 12*x + 31. Give i(z).
-1
Let x(s) = 19 + 111*s + 121*s + 15 - 230*s. Determine x(-15).
4
Let q = 33 - -14. Let l be 316/(-2054) + (-1252)/(-26). Let a = l - q. Let x(c) = c. Calculate x(a).
1
Suppose -f + 18 = k, -7*f = -6*f + 3*k - 20. Let p(d) = -2*d**2 + f*d**2 + 0*d**3 + d**3 - 11*d**2 - 3. Give p(-3).
6
Let s(v) = -v**3 + 4*v**2 + 6*v + 4. Suppose -69*a - 588 = 119*a + 8*a. Determine s(a).
49
Suppose -5*c - 39 = 3*g, 5*c + 33 = 2*g + 9. Let u(p) = -10*p - 2. Give u(c).
58
Let m(f) = -f**3 - 4*f**2 - f + 1. Let t be m(-3). Let a(i) = -7*i**2 - 17*i**3 + 7933 - 20*i**3 - 7939 - 10*i**3 + 46*i**3 - 6*i. Calculate a(t).
-26
Let l be (-51)/510 - 62/(-20). Let k(c) = -c**2 + 5*c + 4. Give k(l).
10
Suppose -2*o - 20 = -7*o. Suppose -o*v + 26 = 2*q, -q - 6 = 4*v - 31. Let i(z) be the first derivative of -z**3/3 + 9*z**2/2 + 6*z + 62. Calculate i(v).
24
Let x(n) = n**3 + 4*n**2 - 2*n + 6. Let v = 2098 - 2093. Suppose 4*i + 0*i = 16. Suppose -v*b - 25 = i*p, -4*b - p = p + 20. Determine x(b).
-9
Let d(z) be the second derivative of -z**4/12 + z**3/6 + 7*z**2/2 - 9*z + 415. Let j = -3 - -8. Calculate d(j).
-13
Let i(p) = 6*p**2 - p + 4. Let y(x) = -28*x**2 + 30*x - 34. Let c(u) = 5*i(u) + y(u). Give c(-13).
-1
Let u(v) = -34*v + 722. Let d(k) = -23*k + 478. Let p(j) = 14*d(j) - 9*u(j). Calculate p(13).
-14
Let u(d) = -2*d**2 - 54*d - 102. Let l be u(-25). Let x(q) = -5*q**2 - 5*q - 1. Calculate x(l).
-11
Let m(x) = -x**3 + 2*x**2 + 3*x + 2. Suppose -104*z - 240 = -109*z. Let y = -68 + z. Let j be 108/30 + (-6)/y*-2. Calculate m(j).
2
Let b(l) = -489*l + 23 - 46 + 479*l + 224. Determine b(20).
1
Let m(t) = -7*t**3 - 3*t**2 - 5*t - 2. Suppose 3*g + 135 = 132. Give m(g).
7
Let h(w) = 2*w**2 + 0 - 3 - 7*w**2 + 25*w - 4 - 21*w. Let f(d) = -9*d**2 + 9*d - 16. Let b(v) = -4*f(v) + 7*h(v). Determine b(6).
3
Let l = -86 + 88. Suppose 8*g + 340 = -l*g. Let f = -32 - g. Let p(u) = 4*u - 3. Calculate p(f).
5
Let q(p) = 11*p + 22. Let z be 1*-7 - (-36 + 37)/(2/4). Calculate q(z).
-77
Let c(b) = -3*b**3 - 4*b**2 + 5. Let y(r) = -r**3 - r - 1. Let o(x) = c(x) - y(x). Let s be o(-2). Let m(k) = -k + 1. Give m(s).
-3
Let l(t) = t + 25. Let h(k) be the third derivative of -k**4/24 - 2*k**3/3 + 2*k**2 - 116*k. Let z(g) = -3*h(g) - l(g). Calculate z(0).
-13
Let k(u) = -4*u**2 + 8*u + 30. Let g(x) = x. Let n(a) = 2*g(a) - k(a). What is n(4)?
10
Let w(o) = o**3 + 8*o**2 + 4*o + 3. Let s(p) = p**2 - 43*p + 102. Let n be s(37). Let v = n - -112. Give w(v).
-29
Let g(f) = 15 - 44 + 12 + 15. Let m(a) = -2*a + 8. Let c(z) = -4*g(z) - m(z). Determine c(-3).
-6
Let k = 118 + -115. Suppose k*q = -5*d + q - 7, -4*d - 3*q = 0. Let p(c) = -c**2 + c + 1. Give p(d).
-11
Let m(r) = r**3 + 6*r**2 + r + 6. Let f(t) = 3*t**2 + t + 6. Let x(a) = 4*a**2 + 6. Let g(o) = -3*f(o) + 2*x(o). Let n be g(-3). Determine m(n).
0
Let c(d) = -d + 6. Suppose -37*p = -32*p + 675. Let y = 141 + p. What is c(y)?
0
Let n be 58/(-203) + (-10)/(-4 + (-10)/(-6)). Let z(u) be the first derivative of -n*u - 1/2*u**2 + 12 - 1/3*u**3 + 1/4*u**4. Calculate z(3).
11
Let y(j) = 14*j**3 + 6*j**2 + 5*j + 16. Let t(o) = -216*o**3 - 89*o**2 - 74*o - 243. Let z(u) = -2*t(u) - 31*y(u). Calculate z(-5).
75
Suppose 12*c = -16 + 64. Suppose 4*s = c*s - 3*s. Let r(n) = n**2 - n + 8. Determine r(s).
8
Let a(h) be the second derivative of h**3/6 - h**2/2 + 16*h. Let w(t) = 7*t - 5. Let k(s) = 4*a(s) - w(s). What is k(-5)?
16
Let j(h) be the first derivative of h**4/4 + 34*h**3/3 + 16*h**2 - 32*h - 7470. Calculate j(-33).
1
Let f(q) be the third derivative of q**8/20160 - q**7/1680 + q**6/80 + 51*q**5/10 + 3*q**2 - 36. Let j(p) be the third derivative of f(p). What is j(6)?
27
Suppose 0*z - 5*z - 110 = 0. Let m be 3/(-6) + z/(-4). Let q(g) = 24 + 9*g - 28*g - 10 - 10 - 11 + 18*g. Determine q(m).
-12
Let m(r) = 4*r - 12. Let q be m(4). Let i(v) = q*v - 2 - 6*v + v**3 - v + 6*v**2 - 4*v. Suppose -4 = -h - 11. What is i(h)?
-2
Suppose 2*w - o = -1 - 10, 5*w = -5*o - 20. Let i(f) = 6*f**2 - 4*f**3 + 10*f - 306 - 3*f + 3*f**3 + 304 + 2*f**3. Calculate i(w).
-12
Let o(m) = m**3 + 6*m**2 - 3*m + 5. Let t(l) = 26*l + 184. Let d be t(-7). Suppose -f + 3*h + 6 = 0, d*f = 5*h + 12 - 4. Calculate o(f).
23
Let s(g) = -6*g**2 + g - 8. Suppose -5 = 5*b + 5*z, 0 = 7*b - 11*b - 3*z - 3. Determine s(b).
-8
Let z be 5/(-12 + 7) - (-6)/1. Let n(d) = -d**3 + 2*d**3 - 67*d + 64*d - 5 - z*d**2. Give n(6).
13
Let b be 2/(1 + 15/(-10) + 1). Let a(f) = -3 - 14*f + 0 + 11*f + b + 0. Calculate a(-1).
4
Let l be 6/((-15)/6 + 4). Suppose 0 = -l*o - r + 4*r - 12, 3*o + 2*r + 26 = 0. Let b(p) = 0 + 977*p - 980*p - p**2 + 1. Calculate b(o).
-17
Let m(j) = 3*j - 17. Let t(z) = -3*z**2 + 154*z - 361. Let p be t(49). Give m(p).
-71
Let w(k) = -5*k + 20. Let i be -40 - -35 - (-14 - 0) - (-9 - -4). What is w(i)?
-50
Let s(w) = -w**2 - 2*w - 6*w + w - 4. Suppose -3*i = 2*u - 10, 2*u + u - 15 = -3*i. Let y be -3 - 4 - (i - (-9)/(-9)). Determine s(y).
2
Let h(k) = -3*k**2 + 4. Suppose -7*